 -1583 + 4285. What is the hundreds digit of n?
7
Suppose -5*g = 0, 0 = 2*o - 2*g - 1895 - 111. What is the tens digit of o?
0
Suppose w + x = 256, -53*w + 48*w + 1274 = 2*x. What is the tens digit of w?
5
Suppose 4*d - 2*r - 18696 = 0, 18700 = 22*d - 18*d - 3*r. What is the thousands digit of d?
4
Suppose -o - 3 = 0, 5*a - 63 + 10 = -4*o. Let b(t) = 7*t - 13. What is the units digit of b(a)?
8
What is the tens digit of 2/((-4)/(-195)) - (-6)/(-12)?
9
Let b = 13 + 17. Suppose -2*l + b = -34. Let w = l - 18. What is the units digit of w?
4
Suppose -f = 4*f - 135. Let c = 17 + f. What is the tens digit of c?
4
Suppose 4 = -2*q, 5*p - 1338 = p + q. Let l = -231 + p. What is the hundreds digit of l?
1
Suppose -2*r = -0*r - 10. Let g = -3 + r. Suppose -u = 1, 0 = -4*b + g*u + u + 67. What is the tens digit of b?
1
Let n be 3*3*(-2)/(-6). Suppose -4*y + 5 = -n*y. Suppose 5*v - l = 3*l + 11, 19 = y*v + 4*l. What is the units digit of v?
3
Suppose -4*q = -n + 82, -2*q = -0 - 8. Suppose 3*a = -3*f + 2*f + 122, f - 5*a = n. What is the units digit of f?
3
Suppose 5*g - 3*b = 6858, b + 5492 = -17*g + 21*g. What is the units digit of g?
4
Let f be 0*4/8 + 0. Let i(m) = -m**3 - 10*m**2 + 12*m + 16. Let s be i(-11). Suppose -5*d - o + 152 = 3*o, -3*d - s*o + 86 = f. What is the units digit of d?
2
Let z(r) = 2*r - 3. Let k = -9 - -12. Let y be z(k). Suppose 16 = 2*u - y*c + 1, -4*u = 2*c - 22. What is the units digit of u?
6
Suppose -5*u + 5*n = -40, 0 = -u - 5*n - 4 - 6. Suppose u*x = -4*q + 113, -5*q - x + 6*x = -130. Let k = q + 9. What is the units digit of k?
6
Let u = 54 + -49. Suppose u*g - 390 = 575. What is the units digit of g?
3
Let n = -636 - -1820. What is the thousands digit of n?
1
Suppose 2*f - 23 = -3*u, -u = -4*f - f + 15. Suppose -522 = -2*s - 3*l - 75, 196 = s - f*l. What is the hundreds digit of s?
2
Suppose 32*w - 1528 = 8. What is the tens digit of w?
4
Let d(u) = -8*u**3 - u + 3. Let j = 1 - 3. What is the units digit of d(j)?
9
Let i be 148/(-4) + 6 + 0. Let r be (-4)/10 - (-644)/10. Let u = r + i. What is the tens digit of u?
3
Let k be 0*(16/(-12) + 1). Suppose 0 = -k*l - 5*l. Suppose 4*f + 4*h - 236 = l, -2*f = -3*h - 2*h - 104. What is the tens digit of f?
5
Let r(y) = -48*y - 29. What is the units digit of r(-8)?
5
Suppose 0 = -40*f + 36*f + 1020. What is the hundreds digit of f?
2
Let g(p) = -3*p**3 - 17*p**2 - 3*p - 27. Let j(q) = q**3 - q**2 + q + 1. Let z(s) = -g(s) - 2*j(s). What is the units digit of z(-19)?
6
Suppose -10*n + 8*n = 0. Suppose 3*a = -n*x + 3*x - 219, 3*a = 2*x - 143. What is the units digit of x?
6
Suppose 25*l = 23*l + 162. What is the units digit of l?
1
Let t(m) = m**3 + 21*m**2 - 23*m - 31. What is the thousands digit of t(-19)?
1
Let q(j) = -2*j + 13. Let v be q(4). Suppose -1 = -v*t + 4, 0 = -3*p - 3*t + 120. What is the units digit of p?
9
Suppose -3*x + 5879 + 2596 = 0. What is the hundreds digit of x?
8
Let n(r) = r**3 - 7*r**2 - 6*r - 8. Let t be n(8). Let l be (-92)/(-16) - 6/t. Suppose -l*f + 5*s = -175, 2*s - 34 = -f + 4*s. What is the tens digit of f?
3
What is the hundreds digit of 8/(-14) - (-31984)/112?
2
Let f(k) = -6 - 8 - k + 8. Let v be f(-7). Suppose -v = -o - 5*c, -o + 11 = 2*c - 2. What is the units digit of o?
1
Let o(z) = z + 1. Let h be o(3). What is the tens digit of (-25)/h*(-96)/8?
7
Let b = 88 + 1127. What is the units digit of b?
5
Let z(f) = 9*f**2 + 7*f - 3. Let u = 20 - 24. What is the units digit of z(u)?
3
Let a(v) = -v**2 - v + 1. Let n(f) = -53*f**2 - 14*f + 4. Let j(b) = 6*a(b) - n(b). What is the hundreds digit of j(-2)?
1
Let m = -23 + 23. Suppose 5*g = -d + 150, m*d + 3*d - 160 = -5*g. What is the tens digit of g?
2
Let z be (-4)/(-4)*-1 - -16. Suppose -2*w + 7*w = z. Suppose -2*i = w*i - 75. What is the units digit of i?
5
Let y(d) be the third derivative of 13/24*d**4 - 1/60*d**5 - d**2 + 0*d - 7/6*d**3 + 0. What is the units digit of y(5)?
3
Suppose d - 2 = -1. Let w(f) = 9*f - 1. Let p(t) = 8*t - 1. Let s(n) = 6*p(n) - 5*w(n). What is the units digit of s(d)?
2
What is the hundreds digit of (8*4/96)/(1/4629)?
5
Let h = -89 + 79. What is the units digit of 2*(-1)/(h/15)?
3
Suppose -4*g + 854 = -110. What is the units digit of g?
1
Let d be -2*(10/(-4) - 2). Suppose -3*o + 8*q = 3*q - 60, 3*o - 36 = -3*q. Let n = o - d. What is the units digit of n?
6
Let k(x) = x + 5. Let d be k(4). Suppose -5*b = -d*b + 8. Suppose 0 = b*j - 12 - 6. What is the units digit of j?
9
Suppose 3*p - 13*p = -4060. What is the units digit of p?
6
Suppose 0 = -g - 30 + 33. Suppose 565 = 2*y + g*y. What is the hundreds digit of y?
1
Let y = -1 + 6. Suppose y = 2*j - 5. Suppose -j = -2*m + 11. What is the units digit of m?
8
Let i = 1039 - 669. What is the units digit of i?
0
Let p(o) = -47*o - 717. What is the thousands digit of p(-38)?
1
Let y(d) = 110*d - 6. What is the units digit of y(13)?
4
Suppose 20 = 4*i, -h - 4*i + 18 = -2*h. Suppose 0 = x - 3*x + h. What is the tens digit of (x/2)/((-1)/(-26))?
1
Let i(j) = -658*j + 193. What is the units digit of i(-3)?
7
Let f(i) = i**2 + 2*i + 6. Let w be f(0). Suppose -w*s + 1694 = s. What is the tens digit of s?
4
Suppose 3*p - 73 - 59 = 0. What is the tens digit of p?
4
Suppose -3*m = -3, 0 = -0*u - 3*u - 5*m + 5. Suppose t + 4 - 10 = u. Suppose 0 = -t*z + 5*z + 12. What is the tens digit of z?
1
Let g = 1118 - 764. Suppose 30 = -4*p - 4*t + g, t = p - 81. What is the tens digit of ((-4)/(-3))/(3/p)?
3
Let a = 514 - 460. What is the units digit of a?
4
Suppose 4*q + 877 = 3*p, q + 0*p = 3*p - 208. Let v = q - -535. What is the hundreds digit of v?
3
Let j(c) = -13*c + 100. What is the units digit of j(-32)?
6
Let a(i) be the third derivative of -13*i**4/24 - 23*i**3/6 + 22*i**2. What is the units digit of a(-15)?
2
What is the hundreds digit of 1759*81/99 - 2/11?
4
Let t(f) = -f**3 + f**2 + 2*f. Let z be t(-1). Suppose 0 = -z*n - 4*n + 276. What is the units digit of n?
9
Let r(z) = 97*z + 20. What is the tens digit of r(5)?
0
Let h = 2838 + 53. What is the units digit of h?
1
Suppose 8*p = p + 2632. Let f = p + -255. What is the hundreds digit of f?
1
Suppose -19 = -z + 7. Suppose -3*m + 3*u + z + 1 = 0, 2*m - 3*u = 23. Let q = m + 13. What is the units digit of q?
7
Let u(w) = w**3 - 19*w**2 + 21*w - 34. Let k be u(20). Suppose 3*v - k = -3*t - 141, 4*t = 16. What is the units digit of v?
1
Suppose -2*b + 2*j + 284 = 0, -422 = -3*b + 6*j - j. Let k = 2 + -6. What is the units digit of b/27 + k/(-6)?
6
Suppose 2*a - 7*a = -95. Suppose 114 = 2*s - 4*h, -2*s + a = h - 75. Let p = 12 + s. What is the tens digit of p?
6
Suppose -3*s = 2*s - 40. Let u be (3 + -1 + s)*14. Suppose -5*b + u = -0*b. What is the tens digit of b?
2
Let w(g) = -2*g**2 + g + 1. Let k be w(-1). Let i(a) = -13*a**3 - 2*a**2 - a - 2. Let c be i(k). Suppose -10*t + 14*t = c. What is the tens digit of t?
2
What is the thousands digit of (-2)/(-4) - (-14763)/14 - 4?
1
Let t = 1052 + -530. What is the units digit of (10/(-4) + 1)/((-9)/t)?
7
Suppose 183*q + 22208 = 215*q. What is the hundreds digit of q?
6
Let g = 238 - 90. Suppose g = -0*p + p. What is the hundreds digit of p?
1
Let h(c) = 141*c + 35. What is the units digit of h(6)?
1
Let x = -2250 - -3196. What is the hundreds digit of x?
9
Let m = -1944 - -2833. What is the hundreds digit of m?
8
Suppose -3*s - 7462 = -4*z, 3*s + 9329 = 6*z - z. What is the hundreds digit of z?
8
Let b(f) = 4*f**3 + 3*f**2 - 5*f - 2. Let a(m) = -5*m**3 - 2*m**2 + 5*m + 2. Let y(t) = 3*a(t) + 4*b(t). What is the units digit of y(-4)?
0
Suppose -b = -3 - 12. What is the tens digit of (-10)/b + 2/(-12)*-118?
1
Let s be 78/(-8) + 9/12. Let p(g) = -4*g + 6. Let u be p(s). Suppose -4*t + 150 = 4*w - u, 2*w = -3*t + 92. What is the units digit of w?
2
Let h be 488 + -7 - (0 + -1). Let s = h + -331. What is the units digit of s?
1
Let l(u) be the first derivative of -u**4/4 + u**2/2 + 40*u - 2. Let q be l(0). Let c = 82 - q. What is the units digit of c?
2
Let g = 3 - 6. Let x be ((-36)/3)/((-4)/8). Let q = g + x. What is the tens digit of q?
2
Let i(v) be the first derivative of v**2 + 3*v + 4. Let j be i(0). What is the tens digit of -15*-1*6/j?
3
Suppose 13 = 4*c - 7. Suppose 27 = -6*r + c*r. Let g = 45 + r. What is the tens digit of g